e 23*y - 38940 = -11*y - 10*y. Calculate the highest common factor of 1593 and y.
177
Let j = -292 + 21787. Calculate the greatest common factor of 30 and j.
15
Let f = 350969 + -350793. Let a = 166 + -54. Calculate the greatest common factor of a and f.
16
Suppose 2*x = 11*x - 531. Let o = x - 56. Suppose o*f = -f - t + 239, 4*f - 235 = -5*t. Calculate the highest common factor of f and 24.
12
Suppose 317*v - 30912 = 295*v + 21184. What is the greatest common factor of 740 and v?
148
Suppose -8283 = -141*f + 1869. Let t(k) = 96*k. Let a be t(1). What is the highest common factor of f and a?
24
Suppose -k = -m + 250, 0 = 25*m - 30*m + 4*k + 1245. Let q = 106 + m. What is the highest common factor of q and 26?
13
Suppose -122544 = -2555*b + 2519*b. Calculate the greatest common divisor of 92 and b.
92
Suppose 0 = 6*k - 9*k. Suppose k = -7*c - 15 + 57. Suppose -18 = -7*p + c*p. Calculate the greatest common divisor of 2 and p.
2
Let o = -61843 - -62116. Let v be (0 + 1)/(2/182). Calculate the greatest common divisor of v and o.
91
Suppose u + 30 + 21 = 5*f, 5*f = -5*u + 45. Let v be (-2)/((-5)/(205/(-2))). Let a = 49 - v. Calculate the greatest common divisor of f and a.
10
Let u be (-39)/26 + 899/2 + 2. What is the highest common divisor of 180 and u?
90
Let v(p) = -p**3 - 9*p**2 + 69*p - 18. Let h be v(-18). What is the greatest common divisor of h and 90?
18
Let n = -281 + -159. Let d = -433 - n. What is the highest common divisor of 49 and d?
7
Suppose 35 = -7*m - 0. Let c be 0 + 770/((-25)/m). What is the highest common divisor of c and 22?
22
Let m(g) = 2*g**3 - 24*g + 19. Let t be m(4). What is the highest common factor of t and 18?
3
Let w = 14 + -2. Let b(y) = y**2 - 10*y - 8. Let q be b(w). Let l be 75 - -2*(-30)/(-12). Calculate the greatest common factor of l and q.
16
Suppose 0 = -314*o + 309*o - 5*d + 42500, 2*o + d - 16997 = 0. What is the greatest common factor of 29 and o?
29
Let i be (-3)/(-9) - (-2 + (-222)/9). Calculate the greatest common factor of i and 387.
9
Suppose -78*s - 11680 = -82*s. Suppose s = 4*u + 4*j, u - j + 0*j - 726 = 0. What is the greatest common factor of u and 56?
56
Let b = -560 - -589. Suppose -d + 16 = 12. Let v be 87*(-2)/(-8)*d. What is the highest common factor of b and v?
29
Suppose 14*c - 314 = 10*c + 2*s, -309 = -4*c + s. Calculate the highest common factor of c and 171.
19
Let f be (-435)/174*5/(50/(-24)). Let k be (-1 - -97)/(f/28). What is the highest common divisor of k and 42?
14
Suppose 2*l = -3*l + 360. Let b = -576 - -590. Let f be (-69)/(-483) + 110/b. What is the greatest common factor of l and f?
8
Suppose 6*g = -555 + 645. Suppose g*f - 770 = 8*f. Calculate the greatest common factor of 44 and f.
22
Suppose 0*u = u - 81. Let n = -46 + u. Suppose 0 = 34*q - 32*q - 3*y - 353, -y = -4*q + 701. Calculate the highest common factor of q and n.
35
Let h(a) = a**3 + 32*a**2 + 131*a - 56. Let u be h(-14). What is the greatest common factor of u and 1323?
63
Let v(p) = -37*p**3 - 5*p**2 - 27*p + 11. Let b be v(-4). What is the highest common divisor of 29 and b?
29
Let w(t) = -t**2 - 83*t - 1548. Let d be w(-29). What is the greatest common divisor of d and 1719?
9
Suppose 0 = 2*i + 3 - 1. Suppose 0 = 79*a - 64*a + 30. Let c be i - 89*(-3 - a). Calculate the highest common divisor of c and 8.
8
Suppose -549*s = -546*s - x - 767, -2*s - 4*x + 516 = 0. Calculate the greatest common factor of s and 200.
8
Suppose 43*o - 45*o + 22 = 0. Let c be (o - 1)*806/65. Suppose -3*k - q - q = -c, 3*q = k - 34. Calculate the highest common factor of k and 8.
8
Suppose 0 = -i + 12*z - 8*z + 21925, 0 = -i - 3*z + 21904. Calculate the greatest common divisor of i and 17.
17
Let v = 55 + -59. Let d(r) = r**2 + 3*r + 16. Let l be d(v). Let w = -17 - -37. What is the highest common divisor of l and w?
20
Let s be 3/((-6)/(-4)) + -19 + 47. Suppose 0 = 40*f - s*f - 1080. What is the greatest common divisor of 162 and f?
54
Let z = -19320 - -20610. What is the greatest common factor of z and 15?
15
Let z be (-13 + 6)*36/21. Let q be (-4778)/(-14) + (96/28)/z. What is the greatest common divisor of q and 31?
31
Let t = -7952 + 8040. Calculate the greatest common divisor of t and 6380.
44
Suppose 4*m - m + 2*s = -58, 5*m = -4*s - 100. Let a be m*2/(-8)*4. What is the highest common divisor of a and 16?
16
Let s be 4/(-10) - (-7384)/(-40). Let b = s + 209. Suppose 5*a - 1105 = -5*d, 2*d - 41 = 5*a - 1111. Calculate the greatest common factor of b and a.
24
Let s = -27018 + 27156. What is the greatest common factor of s and 210?
6
Let s(o) = -o**3 + 20*o**2 + 53*o - 55. Let n be s(23). Let b = -291 - n. What is the highest common divisor of b and 24?
12
Let f = 6 - 3. Suppose 0 = n + w - f, -w = 4*w - 25. Let t be (-196)/(-20) + n/(-10). What is the greatest common divisor of t and 30?
10
Let b(j) = 2*j**2 - 70*j + 48. Let q be (-21)/14*(-160)/6. Let l be b(q). Calculate the highest common divisor of l and 64.
64
Suppose 0 = -o + 2*o + m - 5, -3*m + 3 = -3*o. Let n(d) = 14*d**2 + d - 7. Let q be n(o). Calculate the highest common factor of q and 255.
51
Let f = 220 + -421. Let u = f - -219. Calculate the highest common divisor of 306 and u.
18
Suppose 5 = p - b, -4*b = -p - 2 + 4. Suppose 0 = -p*w + 48 + 1920. What is the greatest common factor of w and 8?
8
Suppose 7*j - 439 = 2144. Let m = j - 326. Calculate the greatest common factor of m and 387.
43
Suppose -5*b - 25 = 5*k, -k + 0*b - 11 = 3*b. Let v be -2*((-3)/k + -3). Let f be 3 + 15 + (3 - v). What is the highest common divisor of f and 45?
9
Suppose -3955*g + 2280 = -3936*g. Calculate the highest common divisor of g and 2920.
40
Let o(m) = -271*m - 985. Let z be o(-4). What is the highest common divisor of z and 6226?
11
Suppose -2707 = 20*i - 13547. Suppose 3*z - i = -218. What is the greatest common divisor of 24 and z?
12
Suppose 24*a = 1266 + 3750. What is the highest common divisor of 760 and a?
19
Let c = 45 + -15. Suppose -102*k + 87*k = -540. Calculate the greatest common divisor of c and k.
6
Let t be (-44)/(-8)*2*2. Let b(m) = m + 20. Let h be b(t). Calculate the greatest common factor of h and 672.
42
Suppose c + 3*c - 354 = -a, 2*a - 714 = -2*c. Let n = -266 + a. Calculate the highest common factor of 12 and n.
4
Suppose -3*i = 5*q - 22055, 2*i - 191*q = -186*q + 14695. Calculate the highest common divisor of i and 14.
14
Suppose 56 = 4*v + 2*b, -7*v - 5*b - 42 = -11*v. Suppose -361 = -3*s + 146. What is the highest common divisor of s and v?
13
Suppose 5*t + 5*q - 6*q = 142, -5*q + 131 = 4*t. Let l be -9*(-8)/72 - -1*t. What is the highest common divisor of l and 160?
10
Suppose 66*j = 19*j + 987. What is the greatest common factor of j and 93?
3
Let c = -184 - -211. Suppose 22*r = c*r - 3040. Calculate the greatest common divisor of 32 and r.
32
Suppose -p - 7028 = -5*q + 2*p, -4*q = -5*p - 5612. What is the highest common factor of 55 and q?
11
Suppose -2*w + 51 = l - 27, 132 = 2*l - 4*w. What is the greatest common factor of l and 10?
2
Suppose 1592*h - 1588*h + 21298 = 5*z, -h - 4258 = -z. Calculate the highest common divisor of z and 316.
158
Let z be ((6/(-5))/1)/((-257)/20560). What is the greatest common factor of z and 936?
24
Suppose 8*t = 6*t + 4*b + 4696, -3*t = -3*b - 7062. What is the greatest common factor of 40 and t?
40
Let m be (68/(-6))/((-8)/12). Suppose 5*q - 1071 = -2*v, -938 - 678 = -3*v + 2*q. Let l = -487 + v. What is the greatest common factor of m and l?
17
Suppose 5*y - 1795 = -4*u, 3*u + 10*y = 8*y + 1355. Calculate the highest common factor of u and 1260.
35
Let i = 6256 - 6217. Calculate the highest common divisor of 481 and i.
13
Suppose -11507 = -133*c + 53397. What is the highest common factor of 6 and c?
2
Let a = -11501 + 14439. What is the highest common divisor of a and 91?
13
Let g = -13983 - -20703. Calculate the greatest common divisor of g and 1176.
168
Suppose 3*g - 56 = 4*l - 4, g - 5*l = 32. Suppose 32 + 16 = 2*u + 2*n, -120 = -5*u - 3*n. What is the highest common factor of g and u?
12
Suppose 2*l - 4*l + 12 = 0. Let a be -7 - (-1)/(2/l). Let o be (-390)/a - (-9)/6. What is the greatest common divisor of 11 and o?
11
Let n be (-144)/7 + 9/(-21). Let l(g) = g**3 + 23*g**2 + 42*g + 38. Let r be l(n). S